 5
What are the prime factors of -1 - (-5 + -339 + -1)?
2, 43
Suppose 13 = -4*a + 5*x - 31, 0 = -4*a + x - 28. Let l = -3 - a. What are the prime factors of l?
3
Suppose 0 = 3*u - 2*t - 750, -4*u + 3*t + 753 = -u. List the prime factors of u.
2, 31
Suppose 4*q - 2*q - 42 = 0. Suppose 0 = 3*y - 5*r + 15, -4*y - 61 = 3*r - 12. Let a = q + y. List the prime factors of a.
11
Let q(p) = 14*p + 3. Let f(m) = 5*m + 1. Let t(s) = -17*f(s) + 6*q(s). List the prime factors of t(-3).
2
Suppose -5*r = 2*c + 5, c - 7*r + 2*r = 35. Let l be (-11)/((-22)/c - -2). Suppose 3*s = l - 19. List the prime factors of s.
2, 3
Let r(m) = 14*m + 7*m**2 - 9 - 5*m**2 + 0*m**2. Let s be r(-10). List the prime factors of (-2)/(-8) - s/(-4).
13
Suppose -4*c = 1 - 5. Let n(g) = -2*g. Let j be n(c). Let k = 5 - j. List the prime factors of k.
7
Suppose 7 = 2*u - 3*f, 4*f = -2*u - u + 2. Suppose 0 = -u*l + 3*l - 3. List the prime factors of l.
3
Suppose 3*n - 317 = 58. What are the prime factors of n?
5
Let t = 41 + -36. List the prime factors of t.
5
Suppose -2*d - 3*i + 52 = -253, 4*d - 613 = -3*i. List the prime factors of d.
2, 7, 11
Let w(a) = a + 9. Let t be w(-7). Let y = t + 0. What are the prime factors of y?
2
Let w(d) = 3. Let r(f) = -f. Let p(j) = -3*r(j) - 3*w(j). Suppose -4*u - 7*a = -4*a - 33, 0 = 4*u + 4*a - 36. List the prime factors of p(u).
3
Let x = 0 - -22. Suppose -y - 15 - x = -2*s, y = 1. Suppose 2*o + 1 = s. List the prime factors of o.
3
Let k(r) = 3*r + 18. Let n be k(-9). Let z(t) = t**3 + 7*t**2 + t + 14. Let p(o) = -o**2 + 1. Let u(w) = -2*p(w) + z(w). List the prime factors of u(n).
3
Let o be 2 + 0 - (0 + -1). Let u = 5 + o. Let w = u - 6. List the prime factors of w.
2
Let l(p) = p**3 + 7*p**2 - 9*p - 10. Let c be l(-8). Let t be (1/c)/(1/16). List the prime factors of (44/t)/(1/(-2)).
11
List the prime factors of (((-12)/(-8))/3)/(1/62).
31
Let x = 13 - 18. Let b(a) = -6*a. Let c be b(x). Let j = c - 21. What are the prime factors of j?
3
Suppose -c = -5*v - 51, -c - 8*v + 69 = -4*v. What are the prime factors of c?
61
Let j be (-18)/27 + (-14)/(-3). Suppose 22 + j = 2*y. What are the prime factors of y?
13
Suppose -3*u = 5*z - z - 401, -2*u = -4*z - 254. Suppose -31 = 4*j - u. List the prime factors of j.
5
Suppose 13*o + 3*o - 4784 = 0. What are the prime factors of o?
13, 23
Let r = 79 - 33. List the prime factors of r.
2, 23
Let v(y) = y + 3. Let a(d) = 3*d + 9. Let j(b) = 2*a(b) - 7*v(b). Let k be j(-5). Suppose 6 = k*n + n. List the prime factors of n.
2
Suppose n = a - 4 + 2, -4*n = 5*a - 28. Suppose -3*v + 5 = -i, a*v - 3 = -2*i + 7*i. Suppose 20 = v*g - 0. What are the prime factors of g?
2, 5
Suppose -3*g - 3 - 93 = 0. Let d = g - -57. What are the prime factors of d?
5
Let p(h) be the first derivative of -h**3/3 + 7*h**2/2 + 5*h + 1. Let z(j) = -j + 11. Let g be z(5). What are the prime factors of p(g)?
11
Suppose -2*c + 11 = -3. What are the prime factors of c?
7
Let c(x) = 2*x**3 - 14*x**2 + x + 15. Let h(p) = -p**3 + 7*p**2 - 8. Let z(r) = -6*c(r) - 11*h(r). What are the prime factors of z(5)?
2, 3
Suppose -4*y + 4 = -4*n, y - 5*n = 2*y + 17. List the prime factors of y*(1 - 3) - -2.
2, 3
Suppose -4*h = h - 5*f - 120, -2*h + 62 = 5*f. Let l = h + -16. What are the prime factors of l?
2, 5
Let n(o) = o**3 + 4*o**2 - 2*o - 6. Suppose 0 = -2*q - 3*q - 20. Let y be n(q). Suppose m + 4*m - 15 = 0, -4*m = -y*t + 12. List the prime factors of t.
2, 3
Suppose 2*d + 10 = -v, 2*d + 2*v = -0*d - 14. Let c = -1 - d. Suppose c*l + 92 = 5*y, 0*y - y + 12 = -2*l. What are the prime factors of y?
2, 5
Let y = -42 - -96. What are the prime factors of y?
2, 3
Suppose 5*q + 6 + 19 = 0. Let t(d) = d + 7. What are the prime factors of t(q)?
2
Suppose -10*j = -320 - 310. List the prime factors of j.
3, 7
List the prime factors of (1 + 69)*69/115.
2, 3, 7
Let c = 16 - -26. List the prime factors of c.
2, 3, 7
Suppose 43 - 13 = -5*j. Let m = 14 + j. List the prime factors of (m/12)/((-4)/(-66)).
11
Suppose -5*o + o = -20. Let l(v) = -v**2 + 11*v - 5. What are the prime factors of l(o)?
5
Let w = -52 + 55. List the prime factors of w.
3
Let k(s) = s**3 - 6*s**2 + 2*s. Let u be k(6). Suppose -u = -x - 5. What are the prime factors of x?
7
Let y(h) = h + 3. List the prime factors of y(0).
3
Let r be 4 - -6*3/6. Let g = 10 + r. What are the prime factors of g?
17
Suppose -10*g + 11*g - 10 = 0. Suppose 66 - g = 3*c + 5*h, -101 = -3*c + 4*h. List the prime factors of c.
3
Let k be (7 - 1) + (0 - 1). Suppose -q + k*q - 20 = 0. What are the prime factors of (-1)/(-3)*(28 + q)?
11
Suppose -4*p + 666 = z, 3*p = -2*p - 4*z + 838. What are the prime factors of p?
2, 83
Let f(r) = -11*r - 2. Let j be 15/(-10) + 1/(-2). List the prime factors of f(j).
2, 5
Suppose 5*b = 261 + 149. List the prime factors of b.
2, 41
Let v = 54 + -34. Suppose 0 = -4*y - y + v. Suppose 3*i - 16 = 7*i, y = -4*o - 4*i. List the prime factors of o.
3
Let n(t) = 7*t**2 + 4 + 0 - 9*t - 6*t**2 + 0*t**2. What are the prime factors of n(9)?
2
Let m(l) = -l - l - 2*l + 1. Let b be m(-5). Let i = b - 13. What are the prime factors of i?
2
Suppose -4*g - f + 2*f = 10, -2*g + f = 6. Let n = g - -4. What are the prime factors of (5 - -25)/(3/n)?
2, 5
What are the prime factors of (12/(-15))/(3/(-525))?
2, 5, 7
Suppose -4*j - 29 = -h, -3*h + 3*j + 81 = 30. Let n = 28 - h. List the prime factors of n.
3, 5
Suppose 5*j + 2*r - 34 = 2*j, 2*j - r - 32 = 0. What are the prime factors of j?
2, 7
Let k(x) = -x**3 - 3*x**2 - x + 1. Let h be k(-3). Suppose -v + h = -3. Suppose -3 = 2*i - v. List the prime factors of i.
2
Let z = -313 - -443. Suppose -2*k - z = -7*k. What are the prime factors of k?
2, 13
Suppose -5*c = -u - 21, u = -u + 8. Let b(w) = -2*w - 1. Let g be b(-4). Suppose -c*x = -g*l + 2*l + 45, -2*l - 5*x - 17 = 0. What are the prime factors of l?
2
Let g(h) = h**2 + 8*h - 4. Let l be (-116)/14 - 4/(-14). Let i be g(l). Let s = i - -8. What are the prime factors of s?
2
Let g be 3/5 + 111/15. Let r = g + -6. Suppose 2*h - 5*h = 3*y - 39, -r*y = 4*h - 48. List the prime factors of h.
11
What are the prime factors of 2 + (-1 - -7*13)?
2, 23
Suppose 3*h = -5*o - 19, -4*h + 0*h = 12. Let n = o - -9. Let d = n + -3. List the prime factors of d.
2
Let z = 22 + -26. List the prime factors of -7*(3 + z/1).
7
Let t(n) be the second derivative of -1/6*n**3 + 9/2*n**2 - n + 0. List the prime factors of t(0).
3
Suppose w + 5*d - 26 = -0*w, 3*w - 24 = 3*d. Suppose 32 = -10*o + w*o. List the prime factors of o.
2
Let i(v) = -v + 1. Let s(j) = -2*j**2 - 6*j - 1. Let q be s(-4). What are the prime factors of i(q)?
2, 5
Let f = 0 - 3. Let k be f*(0 - 14/6). Suppose -k = -h + t - 2*t, -3*h - 2*t + 22 = 0. What are the prime factors of h?
2
What are the prime factors of 36/15*(-75)/(-6)?
2, 3, 5
Let q = -5 - 3. List the prime factors of q/(-2) - (-4)/2.
2, 3
Let h(s) = 2*s**2 + 3*s - 4. Let t be h(-3). Let r(q) = -q - 3. Let c be r(-9). Let j = t + c. List the prime factors of j.
11
Let b(z) = -z**3 + 2*z**2 + 2*z + 1. Let g be (1/(-2))/(2/8). What are the prime factors of b(g)?
13
Let d = 19 - 11. Suppose w - d = -w. Let t = 6 - w. List the prime factors of t.
2
Let k(m) = -4*m - 2. Let n(q) = -q. Let j(r) = k(r) - 3*n(r). Let t be j(-3). Let d(g) = 8*g**3 + g**2 + g - 1. What are the prime factors of d(t)?
3
Suppose -3*d = -r - 0*r - 110, d - r - 40 = 0. List the prime factors of d.
5, 7
Suppose 5*s - 76 = 9. List the prime factors of s.
17
Let b = 164 + -43. List the prime factors of b.
11
Let u(k) = k**2 - k + 1. Let c(r) be the third derivative of -r**6/120 + 7*r**5/60 + 3*r**3/2 - r**2. Let g(s) = -c(s) + 3*u(s). List the prime factors of g(5).
2
Suppose 5*s + 20 = 0, 0*b + 5*s = 2*b - 20. Let h be (-15)/(-4 + 3 + b). Suppose 3*p = h - 6. What are the prime factors of p?
3
Suppose 2*b + 13 = 133. Suppose -6*h + 2*h = -b. List the prime factors of h.
3, 5
Let z be 30/(-3)*(-8)/10. Let j(r) = r + 5. Let d be j(z). Let o = d + -8. List the prime factors of o.
5
Let j = 5 + -5. Suppose -4*x - x + 4*n + 51 = j, 3*n = x - 19. Suppose 13 + x = 4*u. What are the prime factors of u?
5
Let j(y) = -3*y**3 - 6*y + 9. Let z(l) = -l**3 - 3*l + 4. Let n(r) = -2*j(r) + 5*z(r). Let u be n(2). What are the prime factors 